 + 379 = -4*h. Let a = u - -1028. Is a prime?
True
Let h = 538 + -370. Suppose -3*r = 3*o - 258, 3*o - 5*r - 418 = -h. Is o prime?
False
Suppose p - 5*q = 454, -p + q = -5*p + 1879. Is p a prime number?
False
Suppose -12*i + 192958 = 55450. Is i a composite number?
True
Let f be (-1)/(-1) + -1 - (0 + -62). Suppose -f*x = -67*x + 4265. Is x composite?
False
Let c = -500 - -879. Is c a prime number?
True
Let q be (-4 + 2 - -7)*2. Let n(g) = -g**3 + 12*g**2 - 20*g + 3. Let w be n(q). Suppose -2*l + 294 = v, 8*v = 4*l + w*v - 616. Is l a composite number?
False
Suppose -5*a - 2*l + 317 + 339 = 0, 5*l + 115 = a. Suppose -o + a = -11. Let k = o - -18. Is k a prime number?
False
Let s(c) = 53*c**3 + c**2 + 5*c - 25. Is s(4) composite?
True
Suppose 124*c - 103*c = 2009721. Is c a prime number?
True
Let o(a) = -a**2 - 10*a + 7. Let g be o(-9). Is (148/(-6))/(g/(-24)) composite?
False
Suppose 0 = 2*l - 3*j - j - 17068, 5*l - 5*j - 42675 = 0. Let h = l - 4707. Is h a composite number?
True
Let s be 4 + -5 + (9 + 3)/2. Suppose 4*t - 451 = 833. Suppose -194 = -2*q + s*b, -5*q - 3*b + 102 = -t. Is q a prime number?
False
Let h(z) = 14*z**2 - 11*z - 55. Is h(16) a prime number?
False
Let z = -2668 - -5054. Is z/12 + (-6)/(-36) a prime number?
True
Let h(c) = c**3 - 5*c**2 + c + 2. Let f be h(4). Let n be (-2 - -1)/((-2)/f). Let j(q) = -q**3 - q**2 + q - 6. Is j(n) a prime number?
True
Suppose -6*s = x - 9*s, 5*x = -2*s + 17. Suppose x*d = 2746 + 2795. Is d a composite number?
False
Let k = 19 - 17. Suppose -k*p - 905 = -2*t + 653, t = 1. Is -6 + 3 + 6 - p a prime number?
False
Let s = 39 + -42. Let k be 6*(8/(-3) - s). Suppose -3*o + 251 = -k*o. Is o prime?
True
Is 11 + -14 - -3 - (-1727 - 0) a prime number?
False
Let l = 1027 + -330. Is l a composite number?
True
Suppose -7*x + 10*x = -9. Is x*(11 + -11 - 1358/6) a prime number?
False
Is 2106 + 5/(-10)*14 a composite number?
False
Suppose 6960 = 3*t + 2*t. Let q = t + 47. Is q prime?
True
Let q(i) = 549*i + 4. Is q(1) a composite number?
True
Suppose 5*o + 2*i - 71275 = 0, -i = -5*o + 4*i + 71275. Is o a prime number?
False
Suppose -a = 5*y - 11202, 5*a - 5*y = 46498 + 9482. Is a composite?
False
Suppose -340980 = -32*s + 32300. Is s composite?
True
Suppose -4*v + w = 1915, 4*v + 0*w - 2*w = -1914. Is (0 + v/3)/((-4)/12) composite?
False
Let u = -122 + 273. Let t = u + -257. Is (-2)/6 + t/(-3) a composite number?
True
Let l(v) = -v + 1. Let j(g) = 39*g - 16. Let h(u) = j(u) - 5*l(u). Is h(10) prime?
True
Let n be -3*(11 - 10 - 6922/6). Suppose 6*l = 2*l + 5*y + n, -4304 = -5*l - 3*y. Is l a composite number?
True
Let y = 2313 - -140. Is y prime?
False
Is 35769/18 + (-6)/36 composite?
False
Suppose -4*x = -l + 184961, -3*x - 3 = -2*x. Is l a composite number?
False
Suppose -34*t = -14516 - 394232. Is t prime?
False
Suppose -3*f + 4*f + 4*w - 2 = 0, -3*w + 6 = 0. Let g(n) = -4*n - 1. Let t(z) = -8*z + 14. Let a(c) = 5*g(c) - t(c). Is a(f) a composite number?
False
Let w be 1/(10/(-16) + 15/40). Let d(q) = 6*q**2 + 6*q + 5. Is d(w) a composite number?
True
Let b = 27 + -25. Suppose 5 = -3*f + b. Is (11/f)/((-1)/31) prime?
False
Suppose 4*y + 9 = 5*y. Suppose -k = i + 13, -4*i - y - 25 = -2*k. Let s = 197 + i. Is s prime?
False
Suppose 0*n = -4*n + 664. Suppose 3*x - 3*r - 1905 = 0, x - n = -4*r + 459. Suppose -h - x = -4*h. Is h composite?
False
Suppose o = 4*k - 16, 4*k - 2*o + 6 = 22. Suppose -k*y = -2*a - 210, y - 2*a - 3*a = 30. Is y a prime number?
False
Suppose 0*i - 5*d - 19 = 2*i, -2*d = 5*i - 5. Suppose -3*x = -9 - i. Is 1265/x - (-9)/12 a composite number?
False
Is 2/22 - 138120/(-440) a composite number?
True
Is 47222/(-4)*228/(-266) a composite number?
True
Let j be (173/(-2)*3)/(33/44). Let i(r) = 37*r + 2. Let s be i(-5). Let z = s - j. Is z a composite number?
False
Is (-348590)/(-8) + -3*(-10)/(-40) prime?
True
Let c = -43 - -142. Suppose -13*k - 98 - 578 = 0. Let g = k + c. Is g a composite number?
False
Let m = 12930 + 5687. Is m a prime number?
True
Let t(n) = 80*n**3 - 2*n**2 - 2*n + 3. Let s = 25 + -23. Is t(s) a composite number?
False
Suppose 0 = j - 25 - 0. Suppose 0 = 2*d - 737 + j. Suppose -3*r - r + d = 0. Is r a prime number?
True
Let o(f) = 93*f**3 + 6*f**2 - 9*f + 29. Is o(4) a composite number?
True
Suppose 4*d + 3*n - 3268 = 0, 0 = 5*d - 19*n + 14*n - 4085. Is d a prime number?
False
Let j(o) = -2*o - o**3 - 4 - 6 - 6*o - 7*o**2 + 6*o. Let c be j(-7). Suppose -137 = -3*r + c*a, -4*r + a - 85 = -285. Is r composite?
True
Let o = -36 + 36. Suppose v + 266 - 915 = o. Is v a composite number?
True
Suppose 0 = -t + 3*t + 4. Let r be (3 + t)/((-1)/(-3)). Suppose r*o = 0, 5*a + 4*o - 365 = -130. Is a a prime number?
True
Suppose 1 = x + 2*k - 2, 6 = 2*x - 3*k. Let g(p) = 16*p**2 - 2*p - 1 - 3*p + x*p. Is g(-2) prime?
True
Suppose 97172 = 19*t - 113861. Is t a composite number?
True
Let c(g) = -g**3 - 11*g**2 + 13*g + 13. Let x be c(-12). Suppose -r = a - x, 4*a + 2*r = r - 2. Is (2 + a)*(-115)/(-1) a prime number?
False
Suppose 4*j + 14 = -3*v, -v + 5*v = j + 13. Suppose 5*a = -v*u + 145 + 68, -5*u + a + 600 = 0. Is u a composite number?
True
Suppose -5*y + 0*y + 25 = 0, 3*o + 3*y = 21. Is (-1 + 2 + 1)/(o/679) composite?
True
Let b = 188 - 58. Suppose -2*f + 90 = -b. Let t = f - 55. Is t composite?
True
Let x be -2 - -6 - (-7 + 4). Suppose -x*c + 6*c = 278. Let k = -75 - c. Is k a composite number?
True
Let b be (-7)/(-42) - 3/18. Suppose -y - 1 = 0, 3*l - 28 = 4*y - b*y. Suppose -2*v = 0, -5*w - 5*v = -l*w + 429. Is w a prime number?
False
Let d(l) = 4*l**2 - 2*l - 21. Suppose 61 = -5*x + 1. Is d(x) prime?
False
Let t(g) = g**3 + 5*g**2 - g - 5. Let q be t(-5). Let r(p) = p**3 + p**2 + 299. Let y be r(q). Is (-1 + y)*(-2)/(-4) prime?
True
Is (38 - 13641)*2/(-4)*2 prime?
False
Let n(a) = -a**3 + 9*a**2 - 9. Let s be 15/2 - (-2)/4. Is n(s) composite?
True
Let y = -2969 + 13872. Is y composite?
False
Let j(a) be the first derivative of a**4/4 - 11*a**3/3 + 15*a**2/2 - 15*a - 46. Let r(k) = k**2 + 2*k - 5. Let s be r(-5). Is j(s) composite?
True
Let p(t) = -t**3 - 6*t**2 - 5*t + 4. Let l be p(-5). Suppose -5*n + 3 = -l*n. Is (-3414)/(n/(-1)) + 3 prime?
False
Let w(a) = 12*a**3 - a**2 - 48*a + 93. Is w(2) a prime number?
True
Suppose 2*t - 9 = 3. Is 1555/t + (-5)/30 composite?
True
Let t(r) = 10*r - 2 - 63*r + 459*r + 203*r. Let l be t(1). Let n = 1164 - l. Is n composite?
False
Suppose -4*i + 126 = -5*o - 72, 3*o + 254 = 5*i. Let v = -34 - i. Let n = -43 - v. Is n a composite number?
False
Suppose 2*v - 7 = 9*v. Let g be v + 0 + 5 + -2. Suppose -470 = -4*q + g*y - 4*y, -4*q + y + 479 = 0. Is q prime?
False
Let z be (-418 - 3)/(-1 - 0). Suppose -2*t = -k + 209, 0*k + 2*k - z = 3*t. Is k a composite number?
True
Let d be ((-1)/3)/(2/(-14 - -2)). Suppose -259 - 535 = -d*i. Is i a prime number?
True
Suppose -12*j = 2*h - 7*j - 4421, -h + 2*j = -2197. Is h a composite number?
False
Let z(v) = -13*v**3 + 3*v**2 - 3*v - 7. Let r be z(-5). Suppose -222*p + 220*p + 1708 = 0. Suppose 3*c + c - r = -f, 2*c - f = p. Is c a prime number?
False
Let v(o) = -112*o + 19. Is v(-3) a prime number?
False
Suppose -8*w + 145 = -391. Is w composite?
False
Suppose -3*k - 292 = -2*n + 225, 0 = -4*k + 5*n - 687. Let f = k - -424. Is f prime?
True
Suppose 0*q - 4*q = 4, -3*q - 127 = -2*r. Is -5 - -5 - r*(-51)/6 composite?
True
Suppose 3*h = 7*h + 8, h - 207 = -b. Suppose -10*f + 1399 = b. Is f a composite number?
True
Suppose -2*a - 4*x + 35 = -21, 3*x - 25 = -a. Is a a composite number?
True
Is (-2)/(-7) - (-2 + 38174/(-14)) composite?
False
Let j be 56/(-12) + (-3)/9. Let m be 1/(-3)*j*3. Suppose 2*b - m*b + 366 = -3*u, b = -2*u + 137. Is b prime?
True
Suppose 0 = -2*a - 3*l + 885, 2*l + 1397 = 2*a + 497. Suppose -287 = c - 97. Let q = c + a. Is q a prime number?
True
Suppose -k - 7*k = -16. Suppose c = k*c. Is c + 3 - (-3 + -479) a prime number?
False
Let z = -645 - -1544. Is z prime?
False
Suppose -3*h + 1907 = -k, -2*h = k - 6*k - 1280. Is h a prime number?
False
Let t = 8349 - 2578. Is t a prime number?
False
Let x(v) be the third derivative of -7*v**6/6 - v**5/15 - v**4/12 + v**3/6 + 30*v**2. Is x(-2) a composite number?
False
Let f be 0/(-2) + (1 - -5349). Let c = f + 7015. Is c prime?
False
Let p = -7